{"id":581,"date":"2016-02-18T04:18:04","date_gmt":"2016-02-18T03:18:04","guid":{"rendered":"http:\/\/www.7and1lives.de\/paintingdeutsch\/?page_id=581"},"modified":"2024-10-19T07:19:26","modified_gmt":"2024-10-19T05:19:26","slug":"werkreihe-heimat","status":"publish","type":"page","link":"http:\/\/www.7and1lives.de\/paintingdeutsch\/werkreihe-heimat\/","title":{"rendered":"AKTUELLE WERKREIHE &#8222;HEIMAT&#8220;"},"content":{"rendered":"<h3><img loading=\"lazy\" decoding=\"async\" class=\"aligncenter wp-image-3081 size-large\" src=\"http:\/\/www.7and1lives.de\/paintingdeutsch\/wp-content\/uploads\/2019\/10\/ghtzuigggeee-1024x975.jpg\" alt=\"\" width=\"676\" height=\"644\" srcset=\"http:\/\/www.7and1lives.de\/paintingdeutsch\/wp-content\/uploads\/2019\/10\/ghtzuigggeee-1024x975.jpg 1024w, http:\/\/www.7and1lives.de\/paintingdeutsch\/wp-content\/uploads\/2019\/10\/ghtzuigggeee-300x286.jpg 300w, http:\/\/www.7and1lives.de\/paintingdeutsch\/wp-content\/uploads\/2019\/10\/ghtzuigggeee-676x644.jpg 676w\" sizes=\"auto, (max-width: 676px) 100vw, 676px\" \/><\/h3>\n<h3>&nbsp;<\/h3>\n<h3><span style=\"color: #a67a3d;\"><strong>H E I M A T<\/strong><\/span><\/h3>\n<p><span style=\"color: #999999;\"><strong>SEHNSUCHTSORTE UND R\u00dcCKZUGSGEBIETE.<\/strong><\/span><\/p>\n<p><span style=\"color: #999999;\">In dieser Reihe gro\u00dfformatiger Arbeiten setze ich mich mit dem Begriff von Heimat auseinander. Heimat ist ein Platz in uns. Kindheit, Erinnerung, Sehnsuchtsort und Verkl\u00e4rung. Dort, wo unsere Seele Frieden findet, ein R\u00fcckzugsort. Vertrauen, Glauben, unser Hafen, emotionaler Grund und Boden. Zugleich ist es ein Begriff mit historischem Bezug, der Menschen zu Nationen verbindet, f\u00fcr den Kriege gef\u00fchrt wurden und der Menschen zu M\u00f6rdern werden lie\u00df.<\/span><\/p>\n<p><span style=\"color: #999999;\"><strong>Ich besch\u00e4ftige mich hierbei auch mit der Geschichte meiner eigenen Familie.<\/strong> Erst vor drei, vier Generationen sind M\u00e4nner aus meiner Familie f\u00fcr den deutschen Kaiser vor Verdun in den Sch\u00fctzengr\u00e4ben verblutet. Und wenige Jahrzehnte sp\u00e4ter dann waren meine beiden Gro\u00dfv\u00e4ter im Zweiten Weltkrieg als Soldaten der Wehrmacht an der Ostfront eingesetzt und danach langj\u00e4hrig in russischer Kriegsgefangenschaft. Als die Rote Armee vorr\u00fcckte, mussten die Familien meiner Mutter und meines Vaters ihre angestammten Heimatorte in Ostpreu\u00dfen und im Sudetenland aufgeben und kurz vor Kriegsende unter gro\u00dfen Gefahren und Entbehrungen nach Westdeutschland fliehen. Ich habe das nicht vergessen. Es sind sehr deutsche Biographien in meiner Familie, und ich trage deren Gene in mir. Deshalb ist mit die Begrifflichkeit von Heimat wichtig.<\/span><\/p>\n<p><span style=\"color: #999999;\">Und nat\u00fcrlich geht es auch, wie k\u00f6nnte es anders sein, um die Frage von <strong>Deutschland (gestern &amp; heute) als historischer und geografischer Heimstatt f\u00fcr Millionen von Menschen<\/strong>. Diese Betrachtung endet nicht im 20. Jahrhundert und beim Dritten Reich, sondern reicht viel weiter zur\u00fcck, \u00fcber das Sp\u00e4tmittelalter und bis zur Varusschlacht vor \u00fcber zweitausend Jahren. Es \u00e4rgert und besch\u00e4mt, wenn in der Diskussion um Heimat dieser geschichtliche Kontext negiert und &#8211; zumeist aus einer Unkenntnis des Historischen &#8211; nur das Heute gesehen wird. Ganz sicher erfordert die deutsche Geschichte eine kritische Auseinandersetzung, die grunds\u00e4tzliche, verallgemeinernde Herabw\u00fcrdigung vergangener Epochen und der Leistungen dieser Menschen ist dennoch unzul\u00e4ssig.<\/span><\/p>\n<p><span style=\"color: #999999;\">Es bleibt festzuhalten, dass Heimat eine sehr filigrane, intim emotionale Komponente beherbergt. Andererseits steht sie auch f\u00fcr das Brachiale, Aggressive, f\u00fcr Sch\u00fctzengr\u00e4ben und Kanonendonner. Offensichtlicher Widerspruch, aber mehr als das auch die Kehrseiten einer Medaille. Das ist der Rahmen, in dem meine Werkreihe \u201eHEIMAT\u201c zu verorten ist. Meine \u00dcberzeugung: Erst wenn wir uns ernsthaft und detailreich mit unserer Geschichte auseinandersetzen, erkennen wir auch unsere Wurzeln und Muster, die sich wiederholen. Tabuisieren ist der falsche Weg, weil er verdunkelt, wo es heller Gedanken bedarf. Das hat nichts mit sp\u00e4ter Heldenverkl\u00e4rung, Romantik oder gar Bewunderung f\u00fcr die falschen Ziele zu tun. <strong>Der moderne Mensch braucht mehr denn je (wieder) eine Heimat.<\/strong><\/span><\/p>\n<p>&nbsp;<\/p>\n<p style=\"text-align: center;\"><span style=\"color: #999999;\">&#8230;&#8230;&#8230;&#8230;&#8230;&#8230;&#8230;&#8230;&#8230;&#8230;&#8230;&#8230;&#8230;.<\/span><\/p>\n<p>&nbsp;<\/p>\n<p style=\"text-align: center;\"><span style=\"color: #999999;\">Diese Bedeutung des historischen Aspekts, dieses Verst\u00e4ndnis von Geschichte als Ursprung findet sich zutreffend auch in einem Zitat von James Gordon Farrell in seinem Roman <em>Belagerung von Krishnapur<\/em> (1973):<\/span><\/p>\n<h1 style=\"text-align: center;\"><span style=\"color: #999999;\"><em>\u00bb<\/em><em>WIR SCHAUEN <strong>MIT HERABLASSUNG<\/strong> <strong>AUF VERGANGENE ZEITALTER<\/strong>, ALS W\u00c4REN SIE NUR EIN VORSPANN F\u00dcR UNS&#8230; WAS ABER, <strong>WENN WIR NUR EIN NACHGLANZ<\/strong> VON IHNEN SIND?<\/em><em>\u00ab<\/em><\/span><\/h1>\n<p>&nbsp;<\/p>\n<p style=\"text-align: center;\"><span style=\"color: #999999;\">&#8230;&#8230;&#8230;&#8230;&#8230;&#8230;&#8230;&#8230;&#8230;&#8230;&#8230;&#8230;&#8230;.<\/span><\/p>\n<h4 style=\"text-align: center;\"><span style=\"color: #999999;\"><strong>H E I M A T<\/strong><\/span><\/h4>\n<p style=\"text-align: center;\"><span style=\"color: #999999;\">HEIMATLAND &#8211; HOMELAND<\/span><br \/>\n<span style=\"color: #999999;\">MUTTERLAND &#8211; MOTHERLAND<\/span><br \/>\n<span style=\"color: #999999;\">VATERLAND &#8211; FATHERLAND<\/span><br \/>\n<span style=\"color: #999999;\">BRUDERLAND &#8211; BROTHERLAND<\/span><br \/>\n<span style=\"color: #999999;\">SCHWESTERLAND &#8211; SISTERLAND<\/span><br \/>\n<span style=\"color: #999999;\">FEINDESLAND &#8211; ENEMY LAND<\/span><br \/>\n<span style=\"color: #999999;\">NIEMANDSLAND &#8211; NO MAN\u2019S LAND<\/span><br \/>\n<span style=\"color: #999999;\">BLUTLAND &#8211; BLOODLAND<\/span><\/p>\n<h4 style=\"text-align: center;\"><span style=\"color: #999999;\"><strong>I M M E R&nbsp;&nbsp; W I E D E R&nbsp;&nbsp; <\/strong><\/span><\/h4>\n<h4 style=\"text-align: center;\"><span style=\"color: #999999;\"><strong>H E I M A T<\/strong><\/span><\/h4>\n<p style=\"text-align: center;\"><span style=\"color: #999999;\">&#8230;&#8230;&#8230;&#8230;&#8230;&#8230;&#8230;&#8230;&#8230;&#8230;&#8230;&#8230;&#8230;.<\/span><\/p>\n<p>&nbsp;<\/p>\nngg_shortcode_0_placeholder\n","protected":false},"excerpt":{"rendered":"<p>&nbsp; H E I M A T SEHNSUCHTSORTE UND R\u00dcCKZUGSGEBIETE. In dieser Reihe gro\u00dfformatiger Arbeiten setze ich mich mit dem Begriff von Heimat auseinander. Heimat ist ein Platz in uns. Kindheit, Erinnerung, Sehnsuchtsort und Verkl\u00e4rung. Dort, wo unsere Seele Frieden findet, ein R\u00fcckzugsort. Vertrauen, Glauben, unser Hafen, emotionaler Grund und Boden. Zugleich ist es ein [&hellip;]<\/p>\n","protected":false},"author":1,"featured_media":0,"parent":0,"menu_order":0,"comment_status":"closed","ping_status":"closed","template":"","meta":{"ngg_post_thumbnail":0,"footnotes":""},"class_list":["post-581","page","type-page","status-publish","hentry"],"yoast_head":"<!-- This site is optimized with the Yoast SEO plugin v23.7 - https:\/\/yoast.com\/wordpress\/plugins\/seo\/ -->\n<title>AKTUELLE WERKREIHE &quot;HEIMAT&quot; - CHRISTIAN BAHR - zeitgen\u00f6ssischer Maler und Zeichner<\/title>\n<meta name=\"robots\" content=\"index, follow, max-snippet:-1, max-image-preview:large, max-video-preview:-1\" \/>\n<link rel=\"canonical\" href=\"http:\/\/www.7and1lives.de\/paintingdeutsch\/werkreihe-heimat\/\" \/>\n<meta property=\"og:locale\" content=\"de_DE\" \/>\n<meta property=\"og:type\" content=\"article\" \/>\n<meta property=\"og:title\" content=\"AKTUELLE WERKREIHE &quot;HEIMAT&quot; - CHRISTIAN BAHR - zeitgen\u00f6ssischer Maler und Zeichner\" \/>\n<meta property=\"og:description\" content=\"&nbsp; H E I M A T SEHNSUCHTSORTE UND R\u00dcCKZUGSGEBIETE. In dieser Reihe gro\u00dfformatiger Arbeiten setze ich mich mit dem Begriff von Heimat auseinander. Heimat ist ein Platz in uns. Kindheit, Erinnerung, Sehnsuchtsort und Verkl\u00e4rung. Dort, wo unsere Seele Frieden findet, ein R\u00fcckzugsort. Vertrauen, Glauben, unser Hafen, emotionaler Grund und Boden. Zugleich ist es ein [&hellip;]\" \/>\n<meta property=\"og:url\" content=\"http:\/\/www.7and1lives.de\/paintingdeutsch\/werkreihe-heimat\/\" \/>\n<meta property=\"og:site_name\" content=\"CHRISTIAN BAHR - zeitgen\u00f6ssischer Maler und Zeichner\" \/>\n<meta property=\"article:modified_time\" content=\"2024-10-19T05:19:26+00:00\" \/>\n<meta property=\"og:image\" content=\"http:\/\/www.7and1lives.de\/paintingdeutsch\/wp-content\/uploads\/2019\/10\/ghtzuigggeee-1024x975.jpg\" \/>\n<meta name=\"twitter:card\" content=\"summary_large_image\" \/>\n<meta name=\"twitter:label1\" content=\"Gesch\u00e4tzte Lesezeit\" \/>\n\t<meta name=\"twitter:data1\" content=\"4\u00a0Minuten\" \/>\n<script type=\"application\/ld+json\" class=\"yoast-schema-graph\">{\"@context\":\"https:\/\/schema.org\",\"@graph\":[{\"@type\":\"WebPage\",\"@id\":\"http:\/\/www.7and1lives.de\/paintingdeutsch\/werkreihe-heimat\/\",\"url\":\"http:\/\/www.7and1lives.de\/paintingdeutsch\/werkreihe-heimat\/\",\"name\":\"AKTUELLE WERKREIHE \\\"HEIMAT\\\" - CHRISTIAN BAHR - zeitgen\u00f6ssischer Maler und Zeichner\",\"isPartOf\":{\"@id\":\"http:\/\/www.7and1lives.de\/paintingdeutsch\/#website\"},\"primaryImageOfPage\":{\"@id\":\"http:\/\/www.7and1lives.de\/paintingdeutsch\/werkreihe-heimat\/#primaryimage\"},\"image\":{\"@id\":\"http:\/\/www.7and1lives.de\/paintingdeutsch\/werkreihe-heimat\/#primaryimage\"},\"thumbnailUrl\":\"http:\/\/www.7and1lives.de\/paintingdeutsch\/wp-content\/uploads\/2019\/10\/ghtzuigggeee-1024x975.jpg\",\"datePublished\":\"2016-02-18T03:18:04+00:00\",\"dateModified\":\"2024-10-19T05:19:26+00:00\",\"breadcrumb\":{\"@id\":\"http:\/\/www.7and1lives.de\/paintingdeutsch\/werkreihe-heimat\/#breadcrumb\"},\"inLanguage\":\"de\",\"potentialAction\":[{\"@type\":\"ReadAction\",\"target\":[\"http:\/\/www.7and1lives.de\/paintingdeutsch\/werkreihe-heimat\/\"]}]},{\"@type\":\"ImageObject\",\"inLanguage\":\"de\",\"@id\":\"http:\/\/www.7and1lives.de\/paintingdeutsch\/werkreihe-heimat\/#primaryimage\",\"url\":\"http:\/\/www.7and1lives.de\/paintingdeutsch\/wp-content\/uploads\/2019\/10\/ghtzuigggeee.jpg\",\"contentUrl\":\"http:\/\/www.7and1lives.de\/paintingdeutsch\/wp-content\/uploads\/2019\/10\/ghtzuigggeee.jpg\",\"width\":2100,\"height\":2000},{\"@type\":\"BreadcrumbList\",\"@id\":\"http:\/\/www.7and1lives.de\/paintingdeutsch\/werkreihe-heimat\/#breadcrumb\",\"itemListElement\":[{\"@type\":\"ListItem\",\"position\":1,\"name\":\"Home\",\"item\":\"http:\/\/www.7and1lives.de\/paintingdeutsch\/\"},{\"@type\":\"ListItem\",\"position\":2,\"name\":\"AKTUELLE WERKREIHE &#8222;HEIMAT&#8220;\"}]},{\"@type\":\"WebSite\",\"@id\":\"http:\/\/www.7and1lives.de\/paintingdeutsch\/#website\",\"url\":\"http:\/\/www.7and1lives.de\/paintingdeutsch\/\",\"name\":\"CHRISTIAN BAHR - zeitgen\u00f6ssischer Maler und Zeichner\",\"description\":\"contemporary painting &amp; drawing\",\"publisher\":{\"@id\":\"http:\/\/www.7and1lives.de\/paintingdeutsch\/#\/schema\/person\/4b23320069b8d3e717cb9d5d41cfffd9\"},\"potentialAction\":[{\"@type\":\"SearchAction\",\"target\":{\"@type\":\"EntryPoint\",\"urlTemplate\":\"http:\/\/www.7and1lives.de\/paintingdeutsch\/?s={search_term_string}\"},\"query-input\":{\"@type\":\"PropertyValueSpecification\",\"valueRequired\":true,\"valueName\":\"search_term_string\"}}],\"inLanguage\":\"de\"},{\"@type\":[\"Person\",\"Organization\"],\"@id\":\"http:\/\/www.7and1lives.de\/paintingdeutsch\/#\/schema\/person\/4b23320069b8d3e717cb9d5d41cfffd9\",\"name\":\"Christianbahr\",\"image\":{\"@type\":\"ImageObject\",\"inLanguage\":\"de\",\"@id\":\"http:\/\/www.7and1lives.de\/paintingdeutsch\/#\/schema\/person\/image\/\",\"url\":\"https:\/\/secure.gravatar.com\/avatar\/c58c443ecf8d4056f5192621471ba8aadee74c29e83f5cf0772e5739b869946d?s=96&d=mm&r=g\",\"contentUrl\":\"https:\/\/secure.gravatar.com\/avatar\/c58c443ecf8d4056f5192621471ba8aadee74c29e83f5cf0772e5739b869946d?s=96&d=mm&r=g\",\"caption\":\"Christianbahr\"},\"logo\":{\"@id\":\"http:\/\/www.7and1lives.de\/paintingdeutsch\/#\/schema\/person\/image\/\"}}]}<\/script>\n<!-- \/ Yoast SEO plugin. -->","yoast_head_json":{"title":"AKTUELLE WERKREIHE \"HEIMAT\" - CHRISTIAN BAHR - zeitgen\u00f6ssischer Maler und Zeichner","robots":{"index":"index","follow":"follow","max-snippet":"max-snippet:-1","max-image-preview":"max-image-preview:large","max-video-preview":"max-video-preview:-1"},"canonical":"http:\/\/www.7and1lives.de\/paintingdeutsch\/werkreihe-heimat\/","og_locale":"de_DE","og_type":"article","og_title":"AKTUELLE WERKREIHE \"HEIMAT\" - CHRISTIAN BAHR - zeitgen\u00f6ssischer Maler und Zeichner","og_description":"&nbsp; H E I M A T SEHNSUCHTSORTE UND R\u00dcCKZUGSGEBIETE. In dieser Reihe gro\u00dfformatiger Arbeiten setze ich mich mit dem Begriff von Heimat auseinander. Heimat ist ein Platz in uns. Kindheit, Erinnerung, Sehnsuchtsort und Verkl\u00e4rung. Dort, wo unsere Seele Frieden findet, ein R\u00fcckzugsort. Vertrauen, Glauben, unser Hafen, emotionaler Grund und Boden. Zugleich ist es ein [&hellip;]","og_url":"http:\/\/www.7and1lives.de\/paintingdeutsch\/werkreihe-heimat\/","og_site_name":"CHRISTIAN BAHR - zeitgen\u00f6ssischer Maler und Zeichner","article_modified_time":"2024-10-19T05:19:26+00:00","og_image":[{"url":"http:\/\/www.7and1lives.de\/paintingdeutsch\/wp-content\/uploads\/2019\/10\/ghtzuigggeee-1024x975.jpg"}],"twitter_card":"summary_large_image","twitter_misc":{"Gesch\u00e4tzte Lesezeit":"4\u00a0Minuten"},"schema":{"@context":"https:\/\/schema.org","@graph":[{"@type":"WebPage","@id":"http:\/\/www.7and1lives.de\/paintingdeutsch\/werkreihe-heimat\/","url":"http:\/\/www.7and1lives.de\/paintingdeutsch\/werkreihe-heimat\/","name":"AKTUELLE WERKREIHE \"HEIMAT\" - CHRISTIAN BAHR - zeitgen\u00f6ssischer Maler und Zeichner","isPartOf":{"@id":"http:\/\/www.7and1lives.de\/paintingdeutsch\/#website"},"primaryImageOfPage":{"@id":"http:\/\/www.7and1lives.de\/paintingdeutsch\/werkreihe-heimat\/#primaryimage"},"image":{"@id":"http:\/\/www.7and1lives.de\/paintingdeutsch\/werkreihe-heimat\/#primaryimage"},"thumbnailUrl":"http:\/\/www.7and1lives.de\/paintingdeutsch\/wp-content\/uploads\/2019\/10\/ghtzuigggeee-1024x975.jpg","datePublished":"2016-02-18T03:18:04+00:00","dateModified":"2024-10-19T05:19:26+00:00","breadcrumb":{"@id":"http:\/\/www.7and1lives.de\/paintingdeutsch\/werkreihe-heimat\/#breadcrumb"},"inLanguage":"de","potentialAction":[{"@type":"ReadAction","target":["http:\/\/www.7and1lives.de\/paintingdeutsch\/werkreihe-heimat\/"]}]},{"@type":"ImageObject","inLanguage":"de","@id":"http:\/\/www.7and1lives.de\/paintingdeutsch\/werkreihe-heimat\/#primaryimage","url":"http:\/\/www.7and1lives.de\/paintingdeutsch\/wp-content\/uploads\/2019\/10\/ghtzuigggeee.jpg","contentUrl":"http:\/\/www.7and1lives.de\/paintingdeutsch\/wp-content\/uploads\/2019\/10\/ghtzuigggeee.jpg","width":2100,"height":2000},{"@type":"BreadcrumbList","@id":"http:\/\/www.7and1lives.de\/paintingdeutsch\/werkreihe-heimat\/#breadcrumb","itemListElement":[{"@type":"ListItem","position":1,"name":"Home","item":"http:\/\/www.7and1lives.de\/paintingdeutsch\/"},{"@type":"ListItem","position":2,"name":"AKTUELLE WERKREIHE &#8222;HEIMAT&#8220;"}]},{"@type":"WebSite","@id":"http:\/\/www.7and1lives.de\/paintingdeutsch\/#website","url":"http:\/\/www.7and1lives.de\/paintingdeutsch\/","name":"CHRISTIAN BAHR - zeitgen\u00f6ssischer Maler und Zeichner","description":"contemporary painting &amp; drawing","publisher":{"@id":"http:\/\/www.7and1lives.de\/paintingdeutsch\/#\/schema\/person\/4b23320069b8d3e717cb9d5d41cfffd9"},"potentialAction":[{"@type":"SearchAction","target":{"@type":"EntryPoint","urlTemplate":"http:\/\/www.7and1lives.de\/paintingdeutsch\/?s={search_term_string}"},"query-input":{"@type":"PropertyValueSpecification","valueRequired":true,"valueName":"search_term_string"}}],"inLanguage":"de"},{"@type":["Person","Organization"],"@id":"http:\/\/www.7and1lives.de\/paintingdeutsch\/#\/schema\/person\/4b23320069b8d3e717cb9d5d41cfffd9","name":"Christianbahr","image":{"@type":"ImageObject","inLanguage":"de","@id":"http:\/\/www.7and1lives.de\/paintingdeutsch\/#\/schema\/person\/image\/","url":"https:\/\/secure.gravatar.com\/avatar\/c58c443ecf8d4056f5192621471ba8aadee74c29e83f5cf0772e5739b869946d?s=96&d=mm&r=g","contentUrl":"https:\/\/secure.gravatar.com\/avatar\/c58c443ecf8d4056f5192621471ba8aadee74c29e83f5cf0772e5739b869946d?s=96&d=mm&r=g","caption":"Christianbahr"},"logo":{"@id":"http:\/\/www.7and1lives.de\/paintingdeutsch\/#\/schema\/person\/image\/"}}]}},"_links":{"self":[{"href":"http:\/\/www.7and1lives.de\/paintingdeutsch\/wp-json\/wp\/v2\/pages\/581","targetHints":{"allow":["GET"]}}],"collection":[{"href":"http:\/\/www.7and1lives.de\/paintingdeutsch\/wp-json\/wp\/v2\/pages"}],"about":[{"href":"http:\/\/www.7and1lives.de\/paintingdeutsch\/wp-json\/wp\/v2\/types\/page"}],"author":[{"embeddable":true,"href":"http:\/\/www.7and1lives.de\/paintingdeutsch\/wp-json\/wp\/v2\/users\/1"}],"replies":[{"embeddable":true,"href":"http:\/\/www.7and1lives.de\/paintingdeutsch\/wp-json\/wp\/v2\/comments?post=581"}],"version-history":[{"count":20,"href":"http:\/\/www.7and1lives.de\/paintingdeutsch\/wp-json\/wp\/v2\/pages\/581\/revisions"}],"predecessor-version":[{"id":3863,"href":"http:\/\/www.7and1lives.de\/paintingdeutsch\/wp-json\/wp\/v2\/pages\/581\/revisions\/3863"}],"wp:attachment":[{"href":"http:\/\/www.7and1lives.de\/paintingdeutsch\/wp-json\/wp\/v2\/media?parent=581"}],"curies":[{"name":"wp","href":"https:\/\/api.w.org\/{rel}","templated":true}]}}