{"id":249,"date":"2013-02-26T07:39:01","date_gmt":"2013-02-26T05:39:01","guid":{"rendered":"http:\/\/www.7and1lives.de\/paintingdeutsch\/?page_id=249"},"modified":"2024-10-06T12:58:57","modified_gmt":"2024-10-06T10:58:57","slug":"wunder","status":"publish","type":"page","link":"http:\/\/www.7and1lives.de\/paintingdeutsch\/wunder\/","title":{"rendered":"LASS UNS AN WUNDER GLAUBEN"},"content":{"rendered":"<p><img loading=\"lazy\" decoding=\"async\" class=\"aligncenter wp-image-3090 size-large\" src=\"http:\/\/www.7and1lives.de\/paintingdeutsch\/wp-content\/uploads\/2019\/10\/fg65gggzzzkkk-1024x975.jpg\" alt=\"\" width=\"676\" height=\"644\" srcset=\"http:\/\/www.7and1lives.de\/paintingdeutsch\/wp-content\/uploads\/2019\/10\/fg65gggzzzkkk-1024x975.jpg 1024w, http:\/\/www.7and1lives.de\/paintingdeutsch\/wp-content\/uploads\/2019\/10\/fg65gggzzzkkk-300x286.jpg 300w, http:\/\/www.7and1lives.de\/paintingdeutsch\/wp-content\/uploads\/2019\/10\/fg65gggzzzkkk-676x644.jpg 676w\" sizes=\"auto, (max-width: 676px) 100vw, 676px\" \/><\/p>\n<h1>&nbsp;<\/h1>\n<h1><span style=\"color: #a67d3d;\">\u0414\u0410\u0412\u0410\u0419\u0422\u0415 \u0412\u0415\u0420\u0418\u0422\u042c \u0412 \u0427\u0423\u0414\u0415\u0421\u0410<\/span><\/h1>\n<p><span style=\"color: #999999;\"><strong>PROJEKT IKONENMALEREI VERSUS ABSTRAKTION.<\/strong><\/span><\/p>\n<p><span style=\"color: #999999;\">Das Projekt \u201eLASS UNS AN WUNDER GLAUBEN\u201c (russisch: \u0414\u0410\u0412\u0410\u0419\u0422\u0415 \u0412\u0415\u0420\u0418\u0422\u042c \u0412 \u0427\u0423\u0414\u0415\u0421\u0410) besch\u00e4ftigt sich mit dem Glauben. Glauben ist ein Ph\u00e4nomen, das die Entwicklung der Menschheit von Anbeginn begleitet hat. Denn dort, wo naturwissenschaftliche Erkl\u00e4rungen scheitern, da ist es der Glauben, der diesen Raum ausf\u00fcllt, der einen Sinn und ein Licht gibt. Glauben als St\u00e4rke und als Quelle f\u00fcr eine tiefe Kraft. Und in diesem Kontext werden dann auch Wunder m\u00f6glich. Subjektiv empfunden, tats\u00e4chlich. Im Laufe der Jahrhunderte haben Glauben und Malerei immer wieder ein Miteinander und ein Gegeneinander erlebt, in jedem Fall war das Verh\u00e4ltnis nie spannungsfrei.<\/span><\/p>\n<p><span style=\"color: #999999;\">Ich m\u00f6chte diese Reibungspunkte in einem Projekt aufgreifen und mit dem Gedanken der \u00d6kumene zwischen der orthodoxen Ostkirche und den Westkirchen (katholische, evangelische Kirche) verbinden. Dies alles geschieht vor einem christlichen Hintergrund und mit der gemeinsamen Bibel als Ausgangspunkt f\u00fcr den k\u00fcnstlerischen Dialog. Mir geht es um Bilderwelten, um die Unterschiede und Gemeinsamkeiten in der Darstellung der Geschichten und ihrer Protagonisten. Das Konzept f\u00fcr dieses vielschichtige Projekt ist schon sehr ausgearbeitet (siehe Link). Leider fand sich bisher noch keine M\u00f6glichkeit zur Umsetzung. Ich hoffe, dass sich dies aber in absehbarer Zeit \u00e4ndern wird. Denkbar ist auch eine gemeinsame Projektdurchf\u00fchrung mit einem Ikonenmaler.<\/span><\/p>\n<h3><a href=\"http:\/\/www.7and1lives.de\/Materialmalen\/wunder.pdf\" target=\"_blank\" rel=\"noopener noreferrer\">&gt; PROJEKTSKIZZE (deutsch)<\/a><\/h3>\n<p>&nbsp;<\/p>\n","protected":false},"excerpt":{"rendered":"<p>&nbsp; \u0414\u0410\u0412\u0410\u0419\u0422\u0415 \u0412\u0415\u0420\u0418\u0422\u042c \u0412 \u0427\u0423\u0414\u0415\u0421\u0410 PROJEKT IKONENMALEREI VERSUS ABSTRAKTION. Das Projekt \u201eLASS UNS AN WUNDER GLAUBEN\u201c (russisch: \u0414\u0410\u0412\u0410\u0419\u0422\u0415 \u0412\u0415\u0420\u0418\u0422\u042c \u0412 \u0427\u0423\u0414\u0415\u0421\u0410) besch\u00e4ftigt sich mit dem Glauben. Glauben ist ein Ph\u00e4nomen, das die Entwicklung der Menschheit von Anbeginn begleitet hat. Denn dort, wo naturwissenschaftliche Erkl\u00e4rungen scheitern, da ist es der Glauben, der diesen Raum ausf\u00fcllt, der [&hellip;]<\/p>\n","protected":false},"author":2,"featured_media":0,"parent":0,"menu_order":0,"comment_status":"open","ping_status":"open","template":"","meta":{"ngg_post_thumbnail":0,"footnotes":""},"class_list":["post-249","page","type-page","status-publish","hentry"],"yoast_head":"<!-- This site is optimized with the Yoast SEO plugin v23.7 - https:\/\/yoast.com\/wordpress\/plugins\/seo\/ -->\n<title>CHRISTIAN BAHR - Painting &amp; Drawing<\/title>\n<meta name=\"description\" content=\"Christian Bahr - Contemporary German painter and drawer. Large-sized paintings, drawings, nudes and body studies. English website of the artist.\" \/>\n<meta name=\"robots\" content=\"index, follow, max-snippet:-1, max-image-preview:large, max-video-preview:-1\" \/>\n<link rel=\"canonical\" href=\"http:\/\/www.7and1lives.de\/paintingdeutsch\/wunder\/\" \/>\n<meta property=\"og:locale\" content=\"de_DE\" \/>\n<meta property=\"og:type\" content=\"article\" \/>\n<meta property=\"og:title\" content=\"CHRISTIAN BAHR - Painting &amp; Drawing\" \/>\n<meta property=\"og:description\" content=\"Christian Bahr - Contemporary German painter and drawer. Large-sized paintings, drawings, nudes and body studies. English website of the artist.\" \/>\n<meta property=\"og:url\" content=\"http:\/\/www.7and1lives.de\/paintingdeutsch\/wunder\/\" \/>\n<meta property=\"og:site_name\" content=\"CHRISTIAN BAHR - zeitgen\u00f6ssischer Maler und Zeichner\" \/>\n<meta property=\"article:modified_time\" content=\"2024-10-06T10:58:57+00:00\" \/>\n<meta property=\"og:image\" content=\"http:\/\/www.7and1lives.de\/paintingdeutsch\/wp-content\/uploads\/2019\/10\/fg65gggzzzkkk-1024x975.jpg\" \/>\n<meta name=\"twitter:card\" content=\"summary_large_image\" \/>\n<meta name=\"twitter:label1\" content=\"Gesch\u00e4tzte Lesezeit\" \/>\n\t<meta name=\"twitter:data1\" content=\"2\u00a0Minuten\" \/>\n<script type=\"application\/ld+json\" class=\"yoast-schema-graph\">{\"@context\":\"https:\/\/schema.org\",\"@graph\":[{\"@type\":\"WebPage\",\"@id\":\"http:\/\/www.7and1lives.de\/paintingdeutsch\/wunder\/\",\"url\":\"http:\/\/www.7and1lives.de\/paintingdeutsch\/wunder\/\",\"name\":\"CHRISTIAN BAHR - Painting & Drawing\",\"isPartOf\":{\"@id\":\"http:\/\/www.7and1lives.de\/paintingdeutsch\/#website\"},\"primaryImageOfPage\":{\"@id\":\"http:\/\/www.7and1lives.de\/paintingdeutsch\/wunder\/#primaryimage\"},\"image\":{\"@id\":\"http:\/\/www.7and1lives.de\/paintingdeutsch\/wunder\/#primaryimage\"},\"thumbnailUrl\":\"http:\/\/www.7and1lives.de\/paintingdeutsch\/wp-content\/uploads\/2019\/10\/fg65gggzzzkkk-1024x975.jpg\",\"datePublished\":\"2013-02-26T05:39:01+00:00\",\"dateModified\":\"2024-10-06T10:58:57+00:00\",\"description\":\"Christian Bahr - Contemporary German painter and drawer. Large-sized paintings, drawings, nudes and body studies. English website of the artist.\",\"breadcrumb\":{\"@id\":\"http:\/\/www.7and1lives.de\/paintingdeutsch\/wunder\/#breadcrumb\"},\"inLanguage\":\"de\",\"potentialAction\":[{\"@type\":\"ReadAction\",\"target\":[\"http:\/\/www.7and1lives.de\/paintingdeutsch\/wunder\/\"]}]},{\"@type\":\"ImageObject\",\"inLanguage\":\"de\",\"@id\":\"http:\/\/www.7and1lives.de\/paintingdeutsch\/wunder\/#primaryimage\",\"url\":\"http:\/\/www.7and1lives.de\/paintingdeutsch\/wp-content\/uploads\/2019\/10\/fg65gggzzzkkk.jpg\",\"contentUrl\":\"http:\/\/www.7and1lives.de\/paintingdeutsch\/wp-content\/uploads\/2019\/10\/fg65gggzzzkkk.jpg\",\"width\":2100,\"height\":2000},{\"@type\":\"BreadcrumbList\",\"@id\":\"http:\/\/www.7and1lives.de\/paintingdeutsch\/wunder\/#breadcrumb\",\"itemListElement\":[{\"@type\":\"ListItem\",\"position\":1,\"name\":\"Home\",\"item\":\"http:\/\/www.7and1lives.de\/paintingdeutsch\/\"},{\"@type\":\"ListItem\",\"position\":2,\"name\":\"LASS UNS AN WUNDER GLAUBEN\"}]},{\"@type\":\"WebSite\",\"@id\":\"http:\/\/www.7and1lives.de\/paintingdeutsch\/#website\",\"url\":\"http:\/\/www.7and1lives.de\/paintingdeutsch\/\",\"name\":\"CHRISTIAN BAHR - zeitgen\u00f6ssischer Maler und Zeichner\",\"description\":\"contemporary painting &amp; drawing\",\"publisher\":{\"@id\":\"http:\/\/www.7and1lives.de\/paintingdeutsch\/#\/schema\/person\/4b23320069b8d3e717cb9d5d41cfffd9\"},\"potentialAction\":[{\"@type\":\"SearchAction\",\"target\":{\"@type\":\"EntryPoint\",\"urlTemplate\":\"http:\/\/www.7and1lives.de\/paintingdeutsch\/?s={search_term_string}\"},\"query-input\":{\"@type\":\"PropertyValueSpecification\",\"valueRequired\":true,\"valueName\":\"search_term_string\"}}],\"inLanguage\":\"de\"},{\"@type\":[\"Person\",\"Organization\"],\"@id\":\"http:\/\/www.7and1lives.de\/paintingdeutsch\/#\/schema\/person\/4b23320069b8d3e717cb9d5d41cfffd9\",\"name\":\"Christianbahr\",\"image\":{\"@type\":\"ImageObject\",\"inLanguage\":\"de\",\"@id\":\"http:\/\/www.7and1lives.de\/paintingdeutsch\/#\/schema\/person\/image\/\",\"url\":\"https:\/\/secure.gravatar.com\/avatar\/c58c443ecf8d4056f5192621471ba8aadee74c29e83f5cf0772e5739b869946d?s=96&d=mm&r=g\",\"contentUrl\":\"https:\/\/secure.gravatar.com\/avatar\/c58c443ecf8d4056f5192621471ba8aadee74c29e83f5cf0772e5739b869946d?s=96&d=mm&r=g\",\"caption\":\"Christianbahr\"},\"logo\":{\"@id\":\"http:\/\/www.7and1lives.de\/paintingdeutsch\/#\/schema\/person\/image\/\"}}]}<\/script>\n<!-- \/ Yoast SEO plugin. -->","yoast_head_json":{"title":"CHRISTIAN BAHR - Painting & Drawing","description":"Christian Bahr - Contemporary German painter and drawer. Large-sized paintings, drawings, nudes and body studies. English website of the artist.","robots":{"index":"index","follow":"follow","max-snippet":"max-snippet:-1","max-image-preview":"max-image-preview:large","max-video-preview":"max-video-preview:-1"},"canonical":"http:\/\/www.7and1lives.de\/paintingdeutsch\/wunder\/","og_locale":"de_DE","og_type":"article","og_title":"CHRISTIAN BAHR - Painting & Drawing","og_description":"Christian Bahr - Contemporary German painter and drawer. Large-sized paintings, drawings, nudes and body studies. English website of the artist.","og_url":"http:\/\/www.7and1lives.de\/paintingdeutsch\/wunder\/","og_site_name":"CHRISTIAN BAHR - zeitgen\u00f6ssischer Maler und Zeichner","article_modified_time":"2024-10-06T10:58:57+00:00","og_image":[{"url":"http:\/\/www.7and1lives.de\/paintingdeutsch\/wp-content\/uploads\/2019\/10\/fg65gggzzzkkk-1024x975.jpg"}],"twitter_card":"summary_large_image","twitter_misc":{"Gesch\u00e4tzte Lesezeit":"2\u00a0Minuten"},"schema":{"@context":"https:\/\/schema.org","@graph":[{"@type":"WebPage","@id":"http:\/\/www.7and1lives.de\/paintingdeutsch\/wunder\/","url":"http:\/\/www.7and1lives.de\/paintingdeutsch\/wunder\/","name":"CHRISTIAN BAHR - Painting & Drawing","isPartOf":{"@id":"http:\/\/www.7and1lives.de\/paintingdeutsch\/#website"},"primaryImageOfPage":{"@id":"http:\/\/www.7and1lives.de\/paintingdeutsch\/wunder\/#primaryimage"},"image":{"@id":"http:\/\/www.7and1lives.de\/paintingdeutsch\/wunder\/#primaryimage"},"thumbnailUrl":"http:\/\/www.7and1lives.de\/paintingdeutsch\/wp-content\/uploads\/2019\/10\/fg65gggzzzkkk-1024x975.jpg","datePublished":"2013-02-26T05:39:01+00:00","dateModified":"2024-10-06T10:58:57+00:00","description":"Christian Bahr - Contemporary German painter and drawer. Large-sized paintings, drawings, nudes and body studies. English website of the artist.","breadcrumb":{"@id":"http:\/\/www.7and1lives.de\/paintingdeutsch\/wunder\/#breadcrumb"},"inLanguage":"de","potentialAction":[{"@type":"ReadAction","target":["http:\/\/www.7and1lives.de\/paintingdeutsch\/wunder\/"]}]},{"@type":"ImageObject","inLanguage":"de","@id":"http:\/\/www.7and1lives.de\/paintingdeutsch\/wunder\/#primaryimage","url":"http:\/\/www.7and1lives.de\/paintingdeutsch\/wp-content\/uploads\/2019\/10\/fg65gggzzzkkk.jpg","contentUrl":"http:\/\/www.7and1lives.de\/paintingdeutsch\/wp-content\/uploads\/2019\/10\/fg65gggzzzkkk.jpg","width":2100,"height":2000},{"@type":"BreadcrumbList","@id":"http:\/\/www.7and1lives.de\/paintingdeutsch\/wunder\/#breadcrumb","itemListElement":[{"@type":"ListItem","position":1,"name":"Home","item":"http:\/\/www.7and1lives.de\/paintingdeutsch\/"},{"@type":"ListItem","position":2,"name":"LASS UNS AN WUNDER GLAUBEN"}]},{"@type":"WebSite","@id":"http:\/\/www.7and1lives.de\/paintingdeutsch\/#website","url":"http:\/\/www.7and1lives.de\/paintingdeutsch\/","name":"CHRISTIAN BAHR - zeitgen\u00f6ssischer Maler und Zeichner","description":"contemporary painting &amp; drawing","publisher":{"@id":"http:\/\/www.7and1lives.de\/paintingdeutsch\/#\/schema\/person\/4b23320069b8d3e717cb9d5d41cfffd9"},"potentialAction":[{"@type":"SearchAction","target":{"@type":"EntryPoint","urlTemplate":"http:\/\/www.7and1lives.de\/paintingdeutsch\/?s={search_term_string}"},"query-input":{"@type":"PropertyValueSpecification","valueRequired":true,"valueName":"search_term_string"}}],"inLanguage":"de"},{"@type":["Person","Organization"],"@id":"http:\/\/www.7and1lives.de\/paintingdeutsch\/#\/schema\/person\/4b23320069b8d3e717cb9d5d41cfffd9","name":"Christianbahr","image":{"@type":"ImageObject","inLanguage":"de","@id":"http:\/\/www.7and1lives.de\/paintingdeutsch\/#\/schema\/person\/image\/","url":"https:\/\/secure.gravatar.com\/avatar\/c58c443ecf8d4056f5192621471ba8aadee74c29e83f5cf0772e5739b869946d?s=96&d=mm&r=g","contentUrl":"https:\/\/secure.gravatar.com\/avatar\/c58c443ecf8d4056f5192621471ba8aadee74c29e83f5cf0772e5739b869946d?s=96&d=mm&r=g","caption":"Christianbahr"},"logo":{"@id":"http:\/\/www.7and1lives.de\/paintingdeutsch\/#\/schema\/person\/image\/"}}]}},"_links":{"self":[{"href":"http:\/\/www.7and1lives.de\/paintingdeutsch\/wp-json\/wp\/v2\/pages\/249","targetHints":{"allow":["GET"]}}],"collection":[{"href":"http:\/\/www.7and1lives.de\/paintingdeutsch\/wp-json\/wp\/v2\/pages"}],"about":[{"href":"http:\/\/www.7and1lives.de\/paintingdeutsch\/wp-json\/wp\/v2\/types\/page"}],"author":[{"embeddable":true,"href":"http:\/\/www.7and1lives.de\/paintingdeutsch\/wp-json\/wp\/v2\/users\/2"}],"replies":[{"embeddable":true,"href":"http:\/\/www.7and1lives.de\/paintingdeutsch\/wp-json\/wp\/v2\/comments?post=249"}],"version-history":[{"count":4,"href":"http:\/\/www.7and1lives.de\/paintingdeutsch\/wp-json\/wp\/v2\/pages\/249\/revisions"}],"predecessor-version":[{"id":3887,"href":"http:\/\/www.7and1lives.de\/paintingdeutsch\/wp-json\/wp\/v2\/pages\/249\/revisions\/3887"}],"wp:attachment":[{"href":"http:\/\/www.7and1lives.de\/paintingdeutsch\/wp-json\/wp\/v2\/media?parent=249"}],"curies":[{"name":"wp","href":"https:\/\/api.w.org\/{rel}","templated":true}]}}