{"id":1649,"date":"2016-02-22T15:23:08","date_gmt":"2016-02-22T14:23:08","guid":{"rendered":"http:\/\/www.7and1lives.de\/paintingdeutsch\/?page_id=1649"},"modified":"2024-10-19T07:13:16","modified_gmt":"2024-10-19T05:13:16","slug":"werkreihe-unschuld","status":"publish","type":"page","link":"http:\/\/www.7and1lives.de\/paintingdeutsch\/werkreihe-unschuld\/","title":{"rendered":"AKTUELLE WERKREIHE &#8222;UNSCHULD&#8220;"},"content":{"rendered":"<h3><img loading=\"lazy\" decoding=\"async\" class=\"aligncenter wp-image-3075 size-large\" src=\"http:\/\/www.7and1lives.de\/paintingdeutsch\/wp-content\/uploads\/2019\/10\/fffrtzzzzz15as-1024x975.jpg\" alt=\"\" width=\"676\" height=\"644\" srcset=\"http:\/\/www.7and1lives.de\/paintingdeutsch\/wp-content\/uploads\/2019\/10\/fffrtzzzzz15as-1024x975.jpg 1024w, http:\/\/www.7and1lives.de\/paintingdeutsch\/wp-content\/uploads\/2019\/10\/fffrtzzzzz15as-300x286.jpg 300w, http:\/\/www.7and1lives.de\/paintingdeutsch\/wp-content\/uploads\/2019\/10\/fffrtzzzzz15as-676x644.jpg 676w\" sizes=\"auto, (max-width: 676px) 100vw, 676px\" \/><\/h3>\n<h3>&nbsp;<\/h3>\n<h3><span style=\"color: #a67a3d;\"><strong>U N S C H U L D<\/strong><\/span><\/h3>\n<p><span style=\"color: #999999;\"><strong>WERKREIHE \u00dcBER DIE ILLUSION DES REINEN LICHTS.<\/strong><\/span><\/p>\n<p><span style=\"color: #999999;\">Die Werkreihe \u201eUNSCHULD\u201c besteht aus \u00fcberwiegend gro\u00dfformatigen Gem\u00e4lden, die seit 2014 gelegentlich entstanden. Es handelt sich um ein work-in progess, mithin wird diese Reihe fortgeschrieben und best\u00e4ndig, aber unregelm\u00e4\u00dfig um neue Bilder und Perspektiven erg\u00e4nzt.<\/span><\/p>\n<p><span style=\"color: #999999;\"><strong>Zentrales Element ist das Licht. Helligkeit als Symbol des Anfangs, der Geburt, des Morgens, der Reinheit, Leichtigkeit und des Unbeschwerten, noch Unbefleckten. Eben die Unschuld. Sie ist sch\u00f6n, ideal, unsterblich. Und sie ist emotional, sie bewegt, ist Verhei\u00dfung. <\/strong><\/span><\/p>\n<p><span style=\"color: #999999;\">Diese Werkreihe arbeitet \u00fcberwiegend mit einer helleren Farbpalette, die dominiert wird von sehr unterschiedlichen Gelb- und Rott\u00f6nen. Es sollen positive Bilder sein, die einen Gegenpart bilden zu all den Wirrungen und dem Wahnsinn um uns herum. Die Gem\u00e4lde der Werkreihe sind (auch) meine Antwort auf die negativen Ereignisse in dieser Welt, entsprechend meinem Credo aus der Bibel (Offenbarung 3:16): <em>Sei hei\u00df, sei kalt, aber nicht nur lauwarm<\/em>. Wir m\u00fcssen Widerstand leisten gegen die Schwermut, bevor sie uns ertr\u00e4nkt, Aufbegehren gegen all die inneren und \u00e4u\u00dferen Tr\u00fcmmerw\u00fcsten, quasi als Krieger des Lichts (ganz im Sinne von Paulo Coelho, der diesen Begriff pr\u00e4gte) unser Schicksal positiv und intensiv gestalten. Wir beziehen Position, verteidigen die guten Standpunkte. Wir machen Fehler. Aber wir k\u00e4mpfen.<\/span><\/p>\n<p style=\"text-align: center;\"><span style=\"color: #999999;\">. . . . . . . . . . . . . . . . . . . . . . . . . .<\/span><\/p>\n<p style=\"text-align: center;\"><span style=\"color: #999999;\">Jetzt kommt das Aber, denn leider endet die Geschichte nicht mit dem Licht alleine. Der grandiose Heminway formulierte das Dilemma sehr zu treffend:<\/span><\/p>\n<h1 style=\"text-align: center;\"><span style=\"color: #999999;\"><em>\u00bbALLE WAHRHAFT SCHLIMMEN DINGE <strong>BEGINNEN MIT DER UNSCHULD<\/strong>.\u00ab<\/em><\/span><\/h1>\n<p style=\"text-align: center;\"><span style=\"color: #999999;\"><em>Ernest Hemingway<\/em><\/span><\/p>\n<p style=\"text-align: center;\"><span style=\"color: #999999;\">. . . . . . . . . . . . . . . . . . . . . . . . . .<\/span><\/p>\n<p><span style=\"color: #999999;\"><em>Nichts ist einfach nur gut.<\/em> Am Anfang vielleicht, im Moment der Entstehung, aber die Zeit korrumpiert, relativiert, beschmutzt. <strong>Es gibt diesen Dualismus in unseren K\u00f6pfen.<\/strong> Der Mensch ist des Menschen Wolf &#8211; <em>Homo homini lupus &#8211;<\/em>, im Sinne von Thomas Hobbes. Und keine Betrachtung besitzt nur eine Seite. So gibt es auch beim Thema Unschuld eine menschliche Tendenz zur Ideologisierung. Die Suche nach Helligkeit, nach Licht, mehr noch nach Wahrheit wird \u00fcbersteigert und zum Fanatismus. Die Geschichte der Menschheit h\u00e4lt viele Beispiele parat, wo mit besten Absichten und unter der Fahne von Aufkl\u00e4rung und Licht (auch) Schlechtes installiert wurde. Klassisch (denn die Moderne ist nur Wiederholung), aber keineswegs singul\u00e4r hier: Die Zeit der Franz\u00f6sischen Revolution mit ihrer Absicht, Gutem zum Sieg zu verhelfen, und ihrem Weg zum Politprozess und zur Guillotine. Robespierre, Danton, aber auch Rousseau bis hin zu Napoleon. Oder erinnern wir uns ebenso beispielhaft an das Ende der R\u00f6mischen Republik mit den Protagonisten Cicero, Pompeius, Crassus und dem unaufhaltsamen Aufstieg von Julius Caesar. Das alles scheint lange her und ist doch so sehr nah.<\/span><\/p>\n<p><span style=\"color: #999999;\">Es gibt scheinbar kein Licht ohne Schatten, keine einzige Wahrheit ohne Meinungsdiktat. Ich werte nicht. Wie viel Schlechtes ist eventuell (noch) tolerabel, um dem Guten zum Sieg zu verhelfen? Mittel und Zweck, ein uraltes Dilemma. Ist eine macchiavellistische Betrachtung legitim? Ich bin lediglich Chronist, ich f\u00fchre nur ein expressiv-abstraktes Protokoll \u00fcber unsere Menschwerdung und Bewusstseinsbildung. Und dann gibt es die vielen Ereignisse, die einfach passieren, und auf die wir gar keinen Einfluss haben. Das Positive und Reine verliert also allzu schnell seine Unschuld. Diese nachdenkliche Unterstr\u00f6mung findet sich in den Gem\u00e4lden der Werkreihe nur als Gedankenansatz (zumeist artikuliert durch Titel und begleitende Lyrik) und steht nicht im Mittelpunkt. Sie tut der positiven Gesamtstimmung der Bilderreihe keinen Abbruch. Aber f\u00fcr mich ist auch die Kehrseite der Medaille pr\u00e4sent, diese latente Gefahr der \u00dcbertreibung und \u00dcberzeichnung. Dies dokumentiert sich in meiner kontraststarken, intensiven Farbpalette.<\/span><\/p>\n<p><span style=\"color: #999999;\"><strong>Das unbefleckt Reine, das absolut Gute bleibt Sehnsucht, Zielvorstellung, und zugleich Illusion. Eine Gratwanderung. Wir m\u00fcssen diese Erkenntnis aushalten.<\/strong><\/span><\/p>\n<p style=\"text-align: center;\"><span style=\"color: #999999;\">. . . . . . . . . . . . . . . . . . . . . . . . . .<\/span><\/p>\n<p style=\"text-align: center;\"><span style=\"color: #999999;\"><strong>U N S C H U L D<\/strong><\/span><\/p>\n<p style=\"text-align: center;\"><span style=\"color: #999999;\">Geburt &#8211; Leben<\/span><br><span style=\"color: #999999;\">Meer &#8211; Ebbe und Flut<\/span><br><span style=\"color: #999999;\">Licht &#8211; Schatten<\/span><br><span style=\"color: #999999;\">Glauben &#8211; Vernunft<\/span><br><span style=\"color: #999999;\">Wunder &#8211; Worte<\/span><br><span style=\"color: #999999;\">Freisein &#8211; Moral<\/span><br><span style=\"color: #999999;\">Sch\u00f6nheit &#8211; Alter<\/span><br><span style=\"color: #999999;\">Aufkl\u00e4rung &#8211; Desinteresse<\/span><br><span style=\"color: #999999;\">Ewigkeit &#8211; Tod<\/span><br><span style=\"color: #999999;\">Aufgang &#8211; Untergang<\/span><br><span style=\"color: #999999;\">Sonne &#8211; Wolken<\/span><br><span style=\"color: #999999;\">Reinheit &#8211; Alltag<\/span><br><span style=\"color: #999999;\">G\u00f6tter &#8211; Gott, deiner, meiner, keiner<\/span><br><span style=\"color: #999999;\">Wahrheit, die eine &#8211; Wahrheiten, deine, meine, keine<\/span><\/p>\n<p style=\"text-align: center;\"><span style=\"color: #999999;\"><strong>U N S C H U L D &#8211; M E N S C H S E I N<\/strong><\/span><\/p>\n<p style=\"text-align: center;\"><span style=\"color: #999999;\">. . . . . . . . . . . . . . . . . . . . . . . . . .<\/span><\/p>\n<p>&nbsp;<\/p>\n\n\nngg_shortcode_0_placeholder\n","protected":false},"excerpt":{"rendered":"<p>&nbsp; U N S C H U L D WERKREIHE \u00dcBER DIE ILLUSION DES REINEN LICHTS. Die Werkreihe \u201eUNSCHULD\u201c besteht aus \u00fcberwiegend gro\u00dfformatigen Gem\u00e4lden, die seit 2014 gelegentlich entstanden. Es handelt sich um ein work-in progess, mithin wird diese Reihe fortgeschrieben und best\u00e4ndig, aber unregelm\u00e4\u00dfig um neue Bilder und Perspektiven erg\u00e4nzt. Zentrales Element ist das [&hellip;]<\/p>\n","protected":false},"author":1,"featured_media":0,"parent":0,"menu_order":0,"comment_status":"closed","ping_status":"closed","template":"","meta":{"ngg_post_thumbnail":0,"footnotes":""},"class_list":["post-1649","page","type-page","status-publish","hentry"],"yoast_head":"<!-- This site is optimized with the Yoast SEO plugin v23.7 - https:\/\/yoast.com\/wordpress\/plugins\/seo\/ -->\n<title>AKTUELLE WERKREIHE &quot;UNSCHULD&quot; - CHRISTIAN BAHR - zeitgen\u00f6ssischer Maler und Zeichner<\/title>\n<meta name=\"robots\" content=\"index, follow, max-snippet:-1, max-image-preview:large, max-video-preview:-1\" \/>\n<link rel=\"canonical\" href=\"http:\/\/www.7and1lives.de\/paintingdeutsch\/werkreihe-unschuld\/\" \/>\n<meta property=\"og:locale\" content=\"de_DE\" \/>\n<meta property=\"og:type\" content=\"article\" \/>\n<meta property=\"og:title\" content=\"AKTUELLE WERKREIHE &quot;UNSCHULD&quot; - CHRISTIAN BAHR - zeitgen\u00f6ssischer Maler und Zeichner\" \/>\n<meta property=\"og:description\" content=\"&nbsp; U N S C H U L D WERKREIHE \u00dcBER DIE ILLUSION DES REINEN LICHTS. Die Werkreihe \u201eUNSCHULD\u201c besteht aus \u00fcberwiegend gro\u00dfformatigen Gem\u00e4lden, die seit 2014 gelegentlich entstanden. Es handelt sich um ein work-in progess, mithin wird diese Reihe fortgeschrieben und best\u00e4ndig, aber unregelm\u00e4\u00dfig um neue Bilder und Perspektiven erg\u00e4nzt. Zentrales Element ist das [&hellip;]\" \/>\n<meta property=\"og:url\" content=\"http:\/\/www.7and1lives.de\/paintingdeutsch\/werkreihe-unschuld\/\" \/>\n<meta property=\"og:site_name\" content=\"CHRISTIAN BAHR - zeitgen\u00f6ssischer Maler und Zeichner\" \/>\n<meta property=\"article:modified_time\" content=\"2024-10-19T05:13:16+00:00\" \/>\n<meta property=\"og:image\" content=\"http:\/\/www.7and1lives.de\/paintingdeutsch\/wp-content\/uploads\/2019\/10\/fffrtzzzzz15as-1024x975.jpg\" \/>\n<meta name=\"twitter:card\" content=\"summary_large_image\" \/>\n<meta name=\"twitter:label1\" content=\"Gesch\u00e4tzte Lesezeit\" \/>\n\t<meta name=\"twitter:data1\" content=\"4\u00a0Minuten\" \/>\n<script type=\"application\/ld+json\" class=\"yoast-schema-graph\">{\"@context\":\"https:\/\/schema.org\",\"@graph\":[{\"@type\":\"WebPage\",\"@id\":\"http:\/\/www.7and1lives.de\/paintingdeutsch\/werkreihe-unschuld\/\",\"url\":\"http:\/\/www.7and1lives.de\/paintingdeutsch\/werkreihe-unschuld\/\",\"name\":\"AKTUELLE WERKREIHE \\\"UNSCHULD\\\" - CHRISTIAN BAHR - zeitgen\u00f6ssischer Maler und Zeichner\",\"isPartOf\":{\"@id\":\"http:\/\/www.7and1lives.de\/paintingdeutsch\/#website\"},\"primaryImageOfPage\":{\"@id\":\"http:\/\/www.7and1lives.de\/paintingdeutsch\/werkreihe-unschuld\/#primaryimage\"},\"image\":{\"@id\":\"http:\/\/www.7and1lives.de\/paintingdeutsch\/werkreihe-unschuld\/#primaryimage\"},\"thumbnailUrl\":\"http:\/\/www.7and1lives.de\/paintingdeutsch\/wp-content\/uploads\/2019\/10\/fffrtzzzzz15as-1024x975.jpg\",\"datePublished\":\"2016-02-22T14:23:08+00:00\",\"dateModified\":\"2024-10-19T05:13:16+00:00\",\"breadcrumb\":{\"@id\":\"http:\/\/www.7and1lives.de\/paintingdeutsch\/werkreihe-unschuld\/#breadcrumb\"},\"inLanguage\":\"de\",\"potentialAction\":[{\"@type\":\"ReadAction\",\"target\":[\"http:\/\/www.7and1lives.de\/paintingdeutsch\/werkreihe-unschuld\/\"]}]},{\"@type\":\"ImageObject\",\"inLanguage\":\"de\",\"@id\":\"http:\/\/www.7and1lives.de\/paintingdeutsch\/werkreihe-unschuld\/#primaryimage\",\"url\":\"http:\/\/www.7and1lives.de\/paintingdeutsch\/wp-content\/uploads\/2019\/10\/fffrtzzzzz15as.jpg\",\"contentUrl\":\"http:\/\/www.7and1lives.de\/paintingdeutsch\/wp-content\/uploads\/2019\/10\/fffrtzzzzz15as.jpg\",\"width\":2100,\"height\":2000},{\"@type\":\"BreadcrumbList\",\"@id\":\"http:\/\/www.7and1lives.de\/paintingdeutsch\/werkreihe-unschuld\/#breadcrumb\",\"itemListElement\":[{\"@type\":\"ListItem\",\"position\":1,\"name\":\"Home\",\"item\":\"http:\/\/www.7and1lives.de\/paintingdeutsch\/\"},{\"@type\":\"ListItem\",\"position\":2,\"name\":\"AKTUELLE WERKREIHE &#8222;UNSCHULD&#8220;\"}]},{\"@type\":\"WebSite\",\"@id\":\"http:\/\/www.7and1lives.de\/paintingdeutsch\/#website\",\"url\":\"http:\/\/www.7and1lives.de\/paintingdeutsch\/\",\"name\":\"CHRISTIAN BAHR - zeitgen\u00f6ssischer Maler und Zeichner\",\"description\":\"contemporary painting &amp; drawing\",\"publisher\":{\"@id\":\"http:\/\/www.7and1lives.de\/paintingdeutsch\/#\/schema\/person\/4b23320069b8d3e717cb9d5d41cfffd9\"},\"potentialAction\":[{\"@type\":\"SearchAction\",\"target\":{\"@type\":\"EntryPoint\",\"urlTemplate\":\"http:\/\/www.7and1lives.de\/paintingdeutsch\/?s={search_term_string}\"},\"query-input\":{\"@type\":\"PropertyValueSpecification\",\"valueRequired\":true,\"valueName\":\"search_term_string\"}}],\"inLanguage\":\"de\"},{\"@type\":[\"Person\",\"Organization\"],\"@id\":\"http:\/\/www.7and1lives.de\/paintingdeutsch\/#\/schema\/person\/4b23320069b8d3e717cb9d5d41cfffd9\",\"name\":\"Christianbahr\",\"image\":{\"@type\":\"ImageObject\",\"inLanguage\":\"de\",\"@id\":\"http:\/\/www.7and1lives.de\/paintingdeutsch\/#\/schema\/person\/image\/\",\"url\":\"https:\/\/secure.gravatar.com\/avatar\/c58c443ecf8d4056f5192621471ba8aadee74c29e83f5cf0772e5739b869946d?s=96&d=mm&r=g\",\"contentUrl\":\"https:\/\/secure.gravatar.com\/avatar\/c58c443ecf8d4056f5192621471ba8aadee74c29e83f5cf0772e5739b869946d?s=96&d=mm&r=g\",\"caption\":\"Christianbahr\"},\"logo\":{\"@id\":\"http:\/\/www.7and1lives.de\/paintingdeutsch\/#\/schema\/person\/image\/\"}}]}<\/script>\n<!-- \/ Yoast SEO plugin. -->","yoast_head_json":{"title":"AKTUELLE WERKREIHE \"UNSCHULD\" - CHRISTIAN BAHR - zeitgen\u00f6ssischer Maler und Zeichner","robots":{"index":"index","follow":"follow","max-snippet":"max-snippet:-1","max-image-preview":"max-image-preview:large","max-video-preview":"max-video-preview:-1"},"canonical":"http:\/\/www.7and1lives.de\/paintingdeutsch\/werkreihe-unschuld\/","og_locale":"de_DE","og_type":"article","og_title":"AKTUELLE WERKREIHE \"UNSCHULD\" - CHRISTIAN BAHR - zeitgen\u00f6ssischer Maler und Zeichner","og_description":"&nbsp; U N S C H U L D WERKREIHE \u00dcBER DIE ILLUSION DES REINEN LICHTS. Die Werkreihe \u201eUNSCHULD\u201c besteht aus \u00fcberwiegend gro\u00dfformatigen Gem\u00e4lden, die seit 2014 gelegentlich entstanden. Es handelt sich um ein work-in progess, mithin wird diese Reihe fortgeschrieben und best\u00e4ndig, aber unregelm\u00e4\u00dfig um neue Bilder und Perspektiven erg\u00e4nzt. Zentrales Element ist das [&hellip;]","og_url":"http:\/\/www.7and1lives.de\/paintingdeutsch\/werkreihe-unschuld\/","og_site_name":"CHRISTIAN BAHR - zeitgen\u00f6ssischer Maler und Zeichner","article_modified_time":"2024-10-19T05:13:16+00:00","og_image":[{"url":"http:\/\/www.7and1lives.de\/paintingdeutsch\/wp-content\/uploads\/2019\/10\/fffrtzzzzz15as-1024x975.jpg"}],"twitter_card":"summary_large_image","twitter_misc":{"Gesch\u00e4tzte Lesezeit":"4\u00a0Minuten"},"schema":{"@context":"https:\/\/schema.org","@graph":[{"@type":"WebPage","@id":"http:\/\/www.7and1lives.de\/paintingdeutsch\/werkreihe-unschuld\/","url":"http:\/\/www.7and1lives.de\/paintingdeutsch\/werkreihe-unschuld\/","name":"AKTUELLE WERKREIHE \"UNSCHULD\" - CHRISTIAN BAHR - zeitgen\u00f6ssischer Maler und Zeichner","isPartOf":{"@id":"http:\/\/www.7and1lives.de\/paintingdeutsch\/#website"},"primaryImageOfPage":{"@id":"http:\/\/www.7and1lives.de\/paintingdeutsch\/werkreihe-unschuld\/#primaryimage"},"image":{"@id":"http:\/\/www.7and1lives.de\/paintingdeutsch\/werkreihe-unschuld\/#primaryimage"},"thumbnailUrl":"http:\/\/www.7and1lives.de\/paintingdeutsch\/wp-content\/uploads\/2019\/10\/fffrtzzzzz15as-1024x975.jpg","datePublished":"2016-02-22T14:23:08+00:00","dateModified":"2024-10-19T05:13:16+00:00","breadcrumb":{"@id":"http:\/\/www.7and1lives.de\/paintingdeutsch\/werkreihe-unschuld\/#breadcrumb"},"inLanguage":"de","potentialAction":[{"@type":"ReadAction","target":["http:\/\/www.7and1lives.de\/paintingdeutsch\/werkreihe-unschuld\/"]}]},{"@type":"ImageObject","inLanguage":"de","@id":"http:\/\/www.7and1lives.de\/paintingdeutsch\/werkreihe-unschuld\/#primaryimage","url":"http:\/\/www.7and1lives.de\/paintingdeutsch\/wp-content\/uploads\/2019\/10\/fffrtzzzzz15as.jpg","contentUrl":"http:\/\/www.7and1lives.de\/paintingdeutsch\/wp-content\/uploads\/2019\/10\/fffrtzzzzz15as.jpg","width":2100,"height":2000},{"@type":"BreadcrumbList","@id":"http:\/\/www.7and1lives.de\/paintingdeutsch\/werkreihe-unschuld\/#breadcrumb","itemListElement":[{"@type":"ListItem","position":1,"name":"Home","item":"http:\/\/www.7and1lives.de\/paintingdeutsch\/"},{"@type":"ListItem","position":2,"name":"AKTUELLE WERKREIHE &#8222;UNSCHULD&#8220;"}]},{"@type":"WebSite","@id":"http:\/\/www.7and1lives.de\/paintingdeutsch\/#website","url":"http:\/\/www.7and1lives.de\/paintingdeutsch\/","name":"CHRISTIAN BAHR - zeitgen\u00f6ssischer Maler und Zeichner","description":"contemporary painting &amp; drawing","publisher":{"@id":"http:\/\/www.7and1lives.de\/paintingdeutsch\/#\/schema\/person\/4b23320069b8d3e717cb9d5d41cfffd9"},"potentialAction":[{"@type":"SearchAction","target":{"@type":"EntryPoint","urlTemplate":"http:\/\/www.7and1lives.de\/paintingdeutsch\/?s={search_term_string}"},"query-input":{"@type":"PropertyValueSpecification","valueRequired":true,"valueName":"search_term_string"}}],"inLanguage":"de"},{"@type":["Person","Organization"],"@id":"http:\/\/www.7and1lives.de\/paintingdeutsch\/#\/schema\/person\/4b23320069b8d3e717cb9d5d41cfffd9","name":"Christianbahr","image":{"@type":"ImageObject","inLanguage":"de","@id":"http:\/\/www.7and1lives.de\/paintingdeutsch\/#\/schema\/person\/image\/","url":"https:\/\/secure.gravatar.com\/avatar\/c58c443ecf8d4056f5192621471ba8aadee74c29e83f5cf0772e5739b869946d?s=96&d=mm&r=g","contentUrl":"https:\/\/secure.gravatar.com\/avatar\/c58c443ecf8d4056f5192621471ba8aadee74c29e83f5cf0772e5739b869946d?s=96&d=mm&r=g","caption":"Christianbahr"},"logo":{"@id":"http:\/\/www.7and1lives.de\/paintingdeutsch\/#\/schema\/person\/image\/"}}]}},"_links":{"self":[{"href":"http:\/\/www.7and1lives.de\/paintingdeutsch\/wp-json\/wp\/v2\/pages\/1649","targetHints":{"allow":["GET"]}}],"collection":[{"href":"http:\/\/www.7and1lives.de\/paintingdeutsch\/wp-json\/wp\/v2\/pages"}],"about":[{"href":"http:\/\/www.7and1lives.de\/paintingdeutsch\/wp-json\/wp\/v2\/types\/page"}],"author":[{"embeddable":true,"href":"http:\/\/www.7and1lives.de\/paintingdeutsch\/wp-json\/wp\/v2\/users\/1"}],"replies":[{"embeddable":true,"href":"http:\/\/www.7and1lives.de\/paintingdeutsch\/wp-json\/wp\/v2\/comments?post=1649"}],"version-history":[{"count":26,"href":"http:\/\/www.7and1lives.de\/paintingdeutsch\/wp-json\/wp\/v2\/pages\/1649\/revisions"}],"predecessor-version":[{"id":3861,"href":"http:\/\/www.7and1lives.de\/paintingdeutsch\/wp-json\/wp\/v2\/pages\/1649\/revisions\/3861"}],"wp:attachment":[{"href":"http:\/\/www.7and1lives.de\/paintingdeutsch\/wp-json\/wp\/v2\/media?parent=1649"}],"curies":[{"name":"wp","href":"https:\/\/api.w.org\/{rel}","templated":true}]}}